{"id":19034,"date":"2022-05-18T14:37:50","date_gmt":"2022-05-18T14:37:50","guid":{"rendered":"https:\/\/www.visitesantarem.pt\/?post_type=job_listing&#038;p=19034"},"modified":"2026-01-05T14:24:29","modified_gmt":"2026-01-05T14:24:29","slug":"torre-das-cabacas","status":"publish","type":"job_listing","link":"https:\/\/www.visitesantarem.pt\/en\/lista\/torre-das-cabacas\/","title":{"rendered":"Torre das Caba\u00e7as"},"content":{"rendered":"<p style=\"text-align: justify\">A velha Torre do Rel\u00f3gio \u00e9 um dos elementos arquitet\u00f3nicos mais conhecido e emblem\u00e1tico de Santar\u00e9m, tendo sido, em tempos, a Torre do Rel\u00f3gio do Senado da C\u00e2mara.<\/p>\n<p style=\"text-align: justify\">A Torre das Caba\u00e7as, ou Cabaceiro, como o vulgo a denomina, \u00e9 na realidade uma Torre Rel\u00f3gio, de que se conhece a introdu\u00e7\u00e3o em Portugal desde os prim\u00f3rdios do s\u00e9culo XV. A designa\u00e7\u00e3o popular fixou-se nos finais do s\u00e9culo XVIII, derivada das sete ou oito caba\u00e7as de barro colocadas na estrutura de ferro que suporta o enorme sino de bronze datado do 1604. A Torre Rel\u00f3gio de Santar\u00e9m, constru\u00edda em meados do s\u00e9culo XV, ergueu-se sobre uma estrutura pr\u00e9-existente: uma torre do recinto muralhado da Vila medieval ligada \u00e0 Porta de Alpram ou Alpor\u00e3o.<\/p>\n<p style=\"text-align: justify\">A sua forma prism\u00e1tica, de um paralelep\u00edpedo, com uma base de 9,76 por 7,20m e altura de 26m (31,40m com a estrutura de suporte do sino) foi crescendo por sucessivos acrescentos ao longo do tempo, sempre atrav\u00e9s do mesmo processo construtivo, de aparelho de alvenaria de pedra calc\u00e1ria irregular e revestida a argamassa de cal e areia.<\/p>\n<p style=\"text-align: justify\">O seu volume \u00e1spero e monol\u00edtico eleva-se praticamente isento de fenestra\u00e7\u00e3o at\u00e9 pr\u00f3ximo do cimo. A\u00ed, apresenta oito grandes ventanas, duas em cada face, com as vergas em semi-arco, deixando antever uma pequena parte da calote esf\u00e9rica que cobre o seu \u00faltimo piso, suportando, por sua vez, a estrutura de ferro forjado, de forma trapezoidal, que sustenta o enorme sino de bronze e oito pe\u00e7as cer\u00e2micas em forma de caba\u00e7as, cuja fun\u00e7\u00e3o \u00e9 provocar a resson\u00e2ncia do som do sino ao bater as horas.<\/p>","protected":false},"featured_media":19037,"comment_status":"closed","ping_status":"closed","template":"","meta":{"_job_location":"R. Eng. Zeferino Sarmento 5, 2000-121 Santar\u00e9m, Portugal","_company_website":"","_company_tagline":"","_filled":0,"_featured":0},"job_listing_region":[103],"job-categories":[86],"yoast_head":"<!-- This site is optimized with the Yoast SEO plugin v18.3 - https:\/\/yoast.com\/wordpress\/plugins\/seo\/ -->\n<title>Torre das Caba\u00e7as - Visite Santar\u00e9m<\/title>\n<meta name=\"robots\" content=\"index, follow, max-snippet:-1, max-image-preview:large, max-video-preview:-1\" \/>\n<link rel=\"canonical\" href=\"https:\/\/www.visitesantarem.pt\/en\/lista\/torre-das-cabacas\/\" \/>\n<meta property=\"og:locale\" content=\"en_GB\" \/>\n<meta property=\"og:type\" content=\"article\" \/>\n<meta property=\"og:title\" content=\"Torre das Caba\u00e7as - Visite Santar\u00e9m\" \/>\n<meta property=\"og:description\" content=\"A velha Torre do Rel\u00f3gio \u00e9 um dos elementos arquitet\u00f3nicos mais conhecido e emblem\u00e1tico de Santar\u00e9m, tendo sido, em tempos, a Torre do Rel\u00f3gio do Senado da C\u00e2mara. A Torre das Caba\u00e7as, ou Cabaceiro, como o vulgo a denomina, \u00e9 na realidade uma Torre Rel\u00f3gio, de que se conhece a introdu\u00e7\u00e3o em Portugal desde os [&hellip;]\" \/>\n<meta property=\"og:url\" content=\"https:\/\/www.visitesantarem.pt\/en\/lista\/torre-das-cabacas\/\" \/>\n<meta property=\"og:site_name\" content=\"Visite Santar\u00e9m\" \/>\n<meta property=\"article:modified_time\" content=\"2026-01-05T14:24:29+00:00\" \/>\n<meta property=\"og:image\" content=\"https:\/\/www.visitesantarem.pt\/wp-content\/uploads\/2022\/05\/torre_cabacas.jpg\" \/>\n\t<meta property=\"og:image:width\" content=\"800\" \/>\n\t<meta property=\"og:image:height\" content=\"600\" \/>\n\t<meta property=\"og:image:type\" content=\"image\/jpeg\" \/>\n<meta name=\"twitter:card\" content=\"summary_large_image\" \/>\n<meta name=\"twitter:label1\" content=\"Estimated reading time\" \/>\n\t<meta name=\"twitter:data1\" content=\"2 minutes\" \/>\n<script type=\"application\/ld+json\" class=\"yoast-schema-graph\">{\"@context\":\"https:\/\/schema.org\",\"@graph\":[{\"@type\":\"Organization\",\"@id\":\"https:\/\/www.visitesantarem.pt\/#organization\",\"name\":\"Visite Santar\u00e9m\",\"url\":\"https:\/\/www.visitesantarem.pt\/\",\"sameAs\":[],\"logo\":{\"@type\":\"ImageObject\",\"@id\":\"https:\/\/www.visitesantarem.pt\/#logo\",\"inLanguage\":\"en-GB\",\"url\":\"https:\/\/www.visitesantarem.pt\/wp-content\/uploads\/2022\/03\/logo_cms_512x512.png\",\"contentUrl\":\"https:\/\/www.visitesantarem.pt\/wp-content\/uploads\/2022\/03\/logo_cms_512x512.png\",\"width\":512,\"height\":512,\"caption\":\"Visite Santar\u00e9m\"},\"image\":{\"@id\":\"https:\/\/www.visitesantarem.pt\/#logo\"}},{\"@type\":\"WebSite\",\"@id\":\"https:\/\/www.visitesantarem.pt\/#website\",\"url\":\"https:\/\/www.visitesantarem.pt\/\",\"name\":\"Visite Santar\u00e9m\",\"description\":\"Encontre o melhor em Santar\u00e9m\",\"publisher\":{\"@id\":\"https:\/\/www.visitesantarem.pt\/#organization\"},\"potentialAction\":[{\"@type\":\"SearchAction\",\"target\":{\"@type\":\"EntryPoint\",\"urlTemplate\":\"https:\/\/www.visitesantarem.pt\/?s={search_term_string}\"},\"query-input\":\"required name=search_term_string\"}],\"inLanguage\":\"en-GB\"},{\"@type\":\"ImageObject\",\"@id\":\"https:\/\/www.visitesantarem.pt\/lista\/torre-das-cabacas\/#primaryimage\",\"inLanguage\":\"en-GB\",\"url\":\"https:\/\/www.visitesantarem.pt\/wp-content\/uploads\/2022\/05\/torre_cabacas.jpg\",\"contentUrl\":\"https:\/\/www.visitesantarem.pt\/wp-content\/uploads\/2022\/05\/torre_cabacas.jpg\",\"width\":800,\"height\":600},{\"@type\":\"WebPage\",\"@id\":\"https:\/\/www.visitesantarem.pt\/lista\/torre-das-cabacas\/#webpage\",\"url\":\"https:\/\/www.visitesantarem.pt\/lista\/torre-das-cabacas\/\",\"name\":\"Torre das Caba\u00e7as - Visite Santar\u00e9m\",\"isPartOf\":{\"@id\":\"https:\/\/www.visitesantarem.pt\/#website\"},\"primaryImageOfPage\":{\"@id\":\"https:\/\/www.visitesantarem.pt\/lista\/torre-das-cabacas\/#primaryimage\"},\"datePublished\":\"2022-05-18T14:37:50+00:00\",\"dateModified\":\"2026-01-05T14:24:29+00:00\",\"breadcrumb\":{\"@id\":\"https:\/\/www.visitesantarem.pt\/lista\/torre-das-cabacas\/#breadcrumb\"},\"inLanguage\":\"en-GB\",\"potentialAction\":[{\"@type\":\"ReadAction\",\"target\":[\"https:\/\/www.visitesantarem.pt\/lista\/torre-das-cabacas\/\"]}]},{\"@type\":\"BreadcrumbList\",\"@id\":\"https:\/\/www.visitesantarem.pt\/lista\/torre-das-cabacas\/#breadcrumb\",\"itemListElement\":[{\"@type\":\"ListItem\",\"position\":1,\"name\":\"In\u00edcio\",\"item\":\"https:\/\/www.visitesantarem.pt\/\"},{\"@type\":\"ListItem\",\"position\":2,\"name\":\"Listings\",\"item\":\"https:\/\/www.visitesantarem.pt\/locais-lista\/\"},{\"@type\":\"ListItem\",\"position\":3,\"name\":\"Torre das Caba\u00e7as\"}]}]}<\/script>\n<!-- \/ Yoast SEO plugin. -->","yoast_head_json":{"title":"Torre das Caba\u00e7as - Visite Santar\u00e9m","robots":{"index":"index","follow":"follow","max-snippet":"max-snippet:-1","max-image-preview":"max-image-preview:large","max-video-preview":"max-video-preview:-1"},"canonical":"https:\/\/www.visitesantarem.pt\/en\/lista\/torre-das-cabacas\/","og_locale":"en_GB","og_type":"article","og_title":"Torre das Caba\u00e7as - Visite Santar\u00e9m","og_description":"A velha Torre do Rel\u00f3gio \u00e9 um dos elementos arquitet\u00f3nicos mais conhecido e emblem\u00e1tico de Santar\u00e9m, tendo sido, em tempos, a Torre do Rel\u00f3gio do Senado da C\u00e2mara. A Torre das Caba\u00e7as, ou Cabaceiro, como o vulgo a denomina, \u00e9 na realidade uma Torre Rel\u00f3gio, de que se conhece a introdu\u00e7\u00e3o em Portugal desde os [&hellip;]","og_url":"https:\/\/www.visitesantarem.pt\/en\/lista\/torre-das-cabacas\/","og_site_name":"Visite Santar\u00e9m","article_modified_time":"2026-01-05T14:24:29+00:00","og_image":[{"width":800,"height":600,"url":"https:\/\/www.visitesantarem.pt\/wp-content\/uploads\/2022\/05\/torre_cabacas.jpg","type":"image\/jpeg"}],"twitter_card":"summary_large_image","twitter_misc":{"Estimated reading time":"2 minutes"},"schema":{"@context":"https:\/\/schema.org","@graph":[{"@type":"Organization","@id":"https:\/\/www.visitesantarem.pt\/#organization","name":"Visite Santar\u00e9m","url":"https:\/\/www.visitesantarem.pt\/","sameAs":[],"logo":{"@type":"ImageObject","@id":"https:\/\/www.visitesantarem.pt\/#logo","inLanguage":"en-GB","url":"https:\/\/www.visitesantarem.pt\/wp-content\/uploads\/2022\/03\/logo_cms_512x512.png","contentUrl":"https:\/\/www.visitesantarem.pt\/wp-content\/uploads\/2022\/03\/logo_cms_512x512.png","width":512,"height":512,"caption":"Visite Santar\u00e9m"},"image":{"@id":"https:\/\/www.visitesantarem.pt\/#logo"}},{"@type":"WebSite","@id":"https:\/\/www.visitesantarem.pt\/#website","url":"https:\/\/www.visitesantarem.pt\/","name":"Visite Santar\u00e9m","description":"Encontre o melhor em Santar\u00e9m","publisher":{"@id":"https:\/\/www.visitesantarem.pt\/#organization"},"potentialAction":[{"@type":"SearchAction","target":{"@type":"EntryPoint","urlTemplate":"https:\/\/www.visitesantarem.pt\/?s={search_term_string}"},"query-input":"required name=search_term_string"}],"inLanguage":"en-GB"},{"@type":"ImageObject","@id":"https:\/\/www.visitesantarem.pt\/lista\/torre-das-cabacas\/#primaryimage","inLanguage":"en-GB","url":"https:\/\/www.visitesantarem.pt\/wp-content\/uploads\/2022\/05\/torre_cabacas.jpg","contentUrl":"https:\/\/www.visitesantarem.pt\/wp-content\/uploads\/2022\/05\/torre_cabacas.jpg","width":800,"height":600},{"@type":"WebPage","@id":"https:\/\/www.visitesantarem.pt\/lista\/torre-das-cabacas\/#webpage","url":"https:\/\/www.visitesantarem.pt\/lista\/torre-das-cabacas\/","name":"Torre das Caba\u00e7as - Visite Santar\u00e9m","isPartOf":{"@id":"https:\/\/www.visitesantarem.pt\/#website"},"primaryImageOfPage":{"@id":"https:\/\/www.visitesantarem.pt\/lista\/torre-das-cabacas\/#primaryimage"},"datePublished":"2022-05-18T14:37:50+00:00","dateModified":"2026-01-05T14:24:29+00:00","breadcrumb":{"@id":"https:\/\/www.visitesantarem.pt\/lista\/torre-das-cabacas\/#breadcrumb"},"inLanguage":"en-GB","potentialAction":[{"@type":"ReadAction","target":["https:\/\/www.visitesantarem.pt\/lista\/torre-das-cabacas\/"]}]},{"@type":"BreadcrumbList","@id":"https:\/\/www.visitesantarem.pt\/lista\/torre-das-cabacas\/#breadcrumb","itemListElement":[{"@type":"ListItem","position":1,"name":"In\u00edcio","item":"https:\/\/www.visitesantarem.pt\/"},{"@type":"ListItem","position":2,"name":"Listings","item":"https:\/\/www.visitesantarem.pt\/locais-lista\/"},{"@type":"ListItem","position":3,"name":"Torre das Caba\u00e7as"}]}]}},"_links":{"self":[{"href":"https:\/\/www.visitesantarem.pt\/en\/wp-json\/wp\/v2\/job-listings\/19034"}],"collection":[{"href":"https:\/\/www.visitesantarem.pt\/en\/wp-json\/wp\/v2\/job-listings"}],"about":[{"href":"https:\/\/www.visitesantarem.pt\/en\/wp-json\/wp\/v2\/types\/job_listing"}],"replies":[{"embeddable":true,"href":"https:\/\/www.visitesantarem.pt\/en\/wp-json\/wp\/v2\/comments?post=19034"}],"wp:featuredmedia":[{"embeddable":true,"href":"https:\/\/www.visitesantarem.pt\/en\/wp-json\/wp\/v2\/media\/19037"}],"wp:attachment":[{"href":"https:\/\/www.visitesantarem.pt\/en\/wp-json\/wp\/v2\/media?parent=19034"}],"wp:term":[{"taxonomy":"job_listing_region","embeddable":true,"href":"https:\/\/www.visitesantarem.pt\/en\/wp-json\/wp\/v2\/job_listing_region?post=19034"},{"taxonomy":"job_listing_category","embeddable":true,"href":"https:\/\/www.visitesantarem.pt\/en\/wp-json\/wp\/v2\/job-categories?post=19034"}],"curies":[{"name":"wp","href":"https:\/\/api.w.org\/{rel}","templated":true}]}}

Torre das Cabaças

<p style="text-align: justify">A velha Torre do Relógio é um dos elementos arquitetónicos mais conhecido e emblemático de Santarém, tendo sido, em tempos, a Torre do Relógio do Senado da Câmara.</p>
<p style="text-align: justify">A Torre das Cabaças, ou Cabaceiro, como o vulgo a denomina, é na realidade uma Torre Relógio, de que se conhece a introdução em Portugal desde os primórdios do século XV. A designação popular fixou-se nos finais do século XVIII, derivada das sete ou oito cabaças de barro colocadas na estrutura de ferro que suporta o enorme sino de bronze datado do 1604. A Torre Relógio de Santarém, construída em meados do século XV, ergueu-se sobre uma estrutura pré-existente: uma torre do recinto muralhado da Vila medieval ligada à Porta de Alpram ou Alporão.</p>
<p style="text-align: justify">A sua forma prismática, de um paralelepípedo, com uma base de 9,76 por 7,20m e altura de 26m (31,40m com a estrutura de suporte do sino) foi crescendo por sucessivos acrescentos ao longo do tempo, sempre através do mesmo processo construtivo, de aparelho de alvenaria de pedra calcária irregular e revestida a argamassa de cal e areia.</p>
<p style="text-align: justify">O seu volume áspero e monolítico eleva-se praticamente isento de fenestração até próximo do cimo. Aí, apresenta oito grandes ventanas, duas em cada face, com as vergas em semi-arco, deixando antever uma pequena parte da calote esférica que cobre o seu último piso, suportando, por sua vez, a estrutura de ferro forjado, de forma trapezoidal, que sustenta o enorme sino de bronze e oito peças cerâmicas em forma de cabaças, cuja função é provocar a ressonância do som do sino ao bater as horas.</p>

R. Eng. Zeferino Sarmento 5, 2000-121 Santarém, Portugal

<!-- This site is optimized with the Yoast SEO plugin v18.3 - https://yoast.com/wordpress/plugins/seo/ -->
<title>Torre das Cabaças - Visite Santarém</title>
<meta name="robots" content="index, follow, max-snippet:-1, max-image-preview:large, max-video-preview:-1" />
<link rel="canonical" href="https://www.visitesantarem.pt/en/lista/torre-das-cabacas/" />
<meta property="og:locale" content="en_GB" />
<meta property="og:type" content="article" />
<meta property="og:title" content="Torre das Cabaças - Visite Santarém" />
<meta property="og:description" content="A velha Torre do Relógio é um dos elementos arquitetónicos mais conhecido e emblemático de Santarém, tendo sido, em tempos, a Torre do Relógio do Senado da Câmara. A Torre das Cabaças, ou Cabaceiro, como o vulgo a denomina, é na realidade uma Torre Relógio, de que se conhece a introdução em Portugal desde os [&hellip;]" />
<meta property="og:url" content="https://www.visitesantarem.pt/en/lista/torre-das-cabacas/" />
<meta property="og:site_name" content="Visite Santarém" />
<meta property="article:modified_time" content="2026-01-05T14:24:29+00:00" />
<meta property="og:image" content="https://www.visitesantarem.pt/wp-content/uploads/2022/05/torre_cabacas.jpg" />
	<meta property="og:image:width" content="800" />
	<meta property="og:image:height" content="600" />
	<meta property="og:image:type" content="image/jpeg" />
<meta name="twitter:card" content="summary_large_image" />
<meta name="twitter:label1" content="Estimated reading time" />
	<meta name="twitter:data1" content="2 minutes" />
<script type="application/ld+json" class="yoast-schema-graph">{"@context":"https://schema.org","@graph":[{"@type":"Organization","@id":"https://www.visitesantarem.pt/#organization","name":"Visite Santarém","url":"https://www.visitesantarem.pt/","sameAs":[],"logo":{"@type":"ImageObject","@id":"https://www.visitesantarem.pt/#logo","inLanguage":"en-GB","url":"https://www.visitesantarem.pt/wp-content/uploads/2022/03/logo_cms_512x512.png","contentUrl":"https://www.visitesantarem.pt/wp-content/uploads/2022/03/logo_cms_512x512.png","width":512,"height":512,"caption":"Visite Santarém"},"image":{"@id":"https://www.visitesantarem.pt/#logo"}},{"@type":"WebSite","@id":"https://www.visitesantarem.pt/#website","url":"https://www.visitesantarem.pt/","name":"Visite Santarém","description":"Encontre o melhor em Santarém","publisher":{"@id":"https://www.visitesantarem.pt/#organization"},"potentialAction":[{"@type":"SearchAction","target":{"@type":"EntryPoint","urlTemplate":"https://www.visitesantarem.pt/?s={search_term_string}"},"query-input":"required name=search_term_string"}],"inLanguage":"en-GB"},{"@type":"ImageObject","@id":"https://www.visitesantarem.pt/lista/torre-das-cabacas/#primaryimage","inLanguage":"en-GB","url":"https://www.visitesantarem.pt/wp-content/uploads/2022/05/torre_cabacas.jpg","contentUrl":"https://www.visitesantarem.pt/wp-content/uploads/2022/05/torre_cabacas.jpg","width":800,"height":600},{"@type":"WebPage","@id":"https://www.visitesantarem.pt/lista/torre-das-cabacas/#webpage","url":"https://www.visitesantarem.pt/lista/torre-das-cabacas/","name":"Torre das Cabaças - Visite Santarém","isPartOf":{"@id":"https://www.visitesantarem.pt/#website"},"primaryImageOfPage":{"@id":"https://www.visitesantarem.pt/lista/torre-das-cabacas/#primaryimage"},"datePublished":"2022-05-18T14:37:50+00:00","dateModified":"2026-01-05T14:24:29+00:00","breadcrumb":{"@id":"https://www.visitesantarem.pt/lista/torre-das-cabacas/#breadcrumb"},"inLanguage":"en-GB","potentialAction":[{"@type":"ReadAction","target":["https://www.visitesantarem.pt/lista/torre-das-cabacas/"]}]},{"@type":"BreadcrumbList","@id":"https://www.visitesantarem.pt/lista/torre-das-cabacas/#breadcrumb","itemListElement":[{"@type":"ListItem","position":1,"name":"Início","item":"https://www.visitesantarem.pt/"},{"@type":"ListItem","position":2,"name":"Listings","item":"https://www.visitesantarem.pt/locais-lista/"},{"@type":"ListItem","position":3,"name":"Torre das Cabaças"}]}]}</script>
<!-- / Yoast SEO plugin. -->

Torre das Cabaças - Visite Santarém

A velha Torre do Relógio é um dos elementos arquitetónicos mais conhecido e emblemático de Santarém, tendo sido, em tempos, a Torre do Relógio do Senado da Câmara. A Torre das Cabaças, ou Cabaceiro, como o vulgo a denomina, é na realidade uma Torre Relógio, de que se conhece a introdução em Portugal desde os [&hellip;]

Visite Santarém

Encontre o melhor em Santarém

Início
